the greatest common factor of 55 and c.
11
Suppose -p - 1 = -35. Let w be (-4)/(-6)*30/(-4). Let c be (-8)/40 + (-256)/w. What is the highest common divisor of c and p?
17
Let r = -17 + 33. Let g(l) = 6*l**2 - l - 11. Let n be g(-5). Calculate the greatest common divisor of r and n.
16
Let v = 11 + -19. Let q be 6/v + (-171)/(-36). Let x = q - 1. What is the highest common factor of 15 and x?
3
Suppose -4*v + 80 = v. Suppose -60 = -o - 17. Suppose 395 = 2*m + o. Calculate the highest common factor of v and m.
16
Suppose -2*r - 4 = 3*k, 4*r = 5*k + 17 - 47. Let b be 3 - (2/1 + r). Calculate the highest common divisor of 18 and b.
6
Suppose -l - 46 = -5*l - 3*a, -3*l = 4*a - 38. Calculate the highest common factor of l and 2.
2
Let v(k) = -k**2 - 4*k**2 + 4*k**2 - 14*k + 26*k - 5. Let j be v(8). What is the greatest common divisor of 3 and j?
3
Suppose -4*u = -27 - 21. Let l be -1 + 0 + -1 + 62. Calculate the greatest common divisor of u and l.
12
Suppose -2*j + 168 = 56. What is the highest common factor of 14 and j?
14
Let m = -100 - -277. Suppose 23 = -2*n + m. Let a = -51 - -58. What is the greatest common factor of a and n?
7
Suppose -9 = -5*y + 36. What is the highest common divisor of 6 and y?
3
Suppose 4*x = 4*p - 308, -x + 4 = 1. What is the greatest common divisor of p and 10?
10
Let y be (-2)/1 + 20 + -4. Let q = 24 + -10. What is the greatest common factor of q and y?
14
Suppose -2*q = -94 - 20. Suppose q = r - 28. Suppose w + 3*h = -w + 40, -5*w + 87 = h. What is the highest common divisor of w and r?
17
Suppose -3*k = 3*k - 210. What is the highest common factor of k and 70?
35
Let w be (-2)/4*(-13)/(130/20). Calculate the highest common factor of w and 29.
1
Let g be (16/(-12))/(-2)*30. What is the greatest common divisor of g and 30?
10
Suppose 10*d = 7*d + 9. What is the highest common factor of 33 and d?
3
Suppose -3*g + 36 = -24. Let f = 5 + 3. Let t(y) = y**3 - 7*y**2 - 8*y + 10. Let q be t(f). What is the greatest common factor of q and g?
10
Let y be (5/3 - 2)*0. Let i = y - -3. Let a(g) = g - 2. Let f be a(3). What is the greatest common divisor of f and i?
1
Let i be (-133)/(-2) - 20/40. Let k(y) = -y**3 + 5*y**2 - 4*y + 5. Let v be k(4). Suppose v = z - 1. Calculate the highest common divisor of z and i.
6
Suppose 21 = 2*s - 1. Suppose 3*p = 4 + 5. Suppose -s - 13 = -p*w. What is the greatest common factor of w and 8?
8
Suppose 2*n - 5 = n. Suppose n*k = -c + 476, c + 3*c + 16 = 0. Let v = 8 + 4. What is the greatest common divisor of v and k?
12
Let x = -2 + 6. Let p be (-1 + 1)*10/20. Suppose 3*g - 2*o - 30 = 0, 0 = -p*g - x*g + o + 40. What is the greatest common divisor of g and 30?
10
Suppose -3*b = -3, 4*b - 3*b + 11 = 2*z. What is the greatest common factor of z and 6?
6
Let n be (-1)/((-726)/182 - -4). Let z = -47 - n. Let i be ((-1)/2)/(2/(-44)). What is the highest common factor of z and i?
11
Let c(a) = 29*a + 2. Let r be c(6). What is the greatest common factor of 16 and r?
16
Let x = -53 - -58. What is the highest common factor of 55 and x?
5
Let h be 8/(-20) - (-152)/5. Let u(y) = y**3 - 7*y**2 + 9*y - 8. Let m be u(6). What is the highest common divisor of h and m?
10
Suppose 3*a - 27 = 3*o, 2*a - 5*o + 2 - 14 = 0. What is the greatest common factor of 1 and a?
1
Let y = -11 - -15. Let l be (52/8)/(2/y). Let v be 0 + 106 + 10/(-5). Calculate the highest common factor of l and v.
13
Let o(g) = 4*g**2 + 6*g - 5. Let d be o(-5). Calculate the greatest common factor of d and 13.
13
Let d(b) = -b**2 - 8*b - 8. Let h = -17 + 8. Let a be h - (-5)/(10/6). Let p be d(a). What is the highest common factor of 1 and p?
1
Suppose -4*g - 28 = -z - z, -g = 2*z - 28. What is the greatest common divisor of z and 28?
14
Suppose 28*i - 36 = 27*i. What is the highest common divisor of 60 and i?
12
Let m = 49 + -112. Let g = m - -118. Suppose 0 = 3*f + 2*h - g, -3*f + 117 = 2*f - 3*h. Calculate the greatest common factor of 7 and f.
7
Suppose d = -4*d - 2*l + 766, 3*d - 2*l - 466 = 0. What is the highest common factor of d and 14?
14
Let p = 1 + 0. Suppose p = r - 15. Let f be (-666)/(-21) + 8/(-196)*-7. What is the highest common factor of r and f?
16
Let h(i) = -i**2 + 6*i + 5. Let a be h(6). Suppose a*k - 276 = 164. Let r be (-2 + -1)*k/(-6). Calculate the highest common factor of r and 11.
11
Let o = -126 - -189. What is the greatest common factor of 21 and o?
21
Let q be 1/3 - (-10)/(-3). Let j be ((q - 4)*1)/(-1). Calculate the highest common divisor of j and 7.
7
Let r = 224 + -136. What is the highest common factor of 8 and r?
8
Let r = 160 - 7. What is the greatest common divisor of 51 and r?
51
Suppose 1 = 2*j - 3. Suppose -l = 5, 0 = s - j*s + l + 115. What is the highest common divisor of s and 10?
10
Let h(s) = -10*s + 2. Let f be h(-3). What is the highest common factor of f and 4?
4
Let n(v) = v**2 - 2*v - 4. Suppose -2*c = 3*i - 1 - 2, 4*i = 4. Suppose 0 = -c*m + m + 4. Let j be n(m). What is the greatest common factor of j and 50?
10
Let f = 65 - 62. Calculate the highest common factor of f and 12.
3
Suppose 0 = 4*u - z, -4*z = -2*u - 2*u - 12. Let c be u - 1 - (-1 + -15). What is the highest common factor of c and 8?
8
Let u(n) = 34*n - 16. Let i be u(4). What is the greatest common factor of 12 and i?
12
Suppose r - 24 = -2*s, -2*s + 11 = 4*r - 25. Suppose -o - 3*o = 32. Let m = o + s. What is the greatest common divisor of 4 and m?
2
Let w(a) be the second derivative of a**3/6 + a**2/2 + 2*a. Let z be w(2). Suppose -26 = -5*j + z*j. Calculate the highest common factor of 65 and j.
13
Suppose 680 = 2*w + 120. Suppose -5*k + w = -k. Let i(l) = l**2 + 3*l. Let g be i(4). Calculate the greatest common factor of g and k.
14
Let t = 86 + -47. What is the greatest common divisor of 312 and t?
39
Let n(a) = 65*a**2 + a - 1. Let o be n(1). Suppose -3*q - 15 + 171 = z, -4*z = 5*q - 260. Suppose 3*l = l + q. Calculate the highest common factor of o and l.
13
Let c = -54 + 66. Suppose 2*f = -5*w - f + 26, -18 = -5*w + f. Suppose 124 = w*k + 28. Calculate the greatest common factor of k and c.
12
Suppose -19*w - 20 = -21*w. What is the greatest common factor of 25 and w?
5
Let l be (-1 - -1) + (152 - 6). Let f = 266 - l. What is the highest common divisor of 15 and f?
15
Let i = 55 - 37. Let t(m) = 6*m + 15. Let j(v) = -1. Let p(g) = -18*j(g) - t(g). Let s be p(-4). Calculate the greatest common factor of i and s.
9
Let j be (-2)/(-6) + 5/3. Suppose j*h = 4*l + 8, -4*h = 5*l - h - 12. Let i be (16/(-6) + l)*-27. Calculate the highest common divisor of i and 9.
9
Let h(v) = -v**2 + 8*v + 4. Let a be h(8). Let o be (4/((-12)/(-9)))/((-9)/(-6)). Calculate the highest common factor of a and o.
2
Let x(g) = 3*g + 0 - 2*g + 12. Let i be x(-10). Suppose i*q - 3*q = -5. What is the greatest common divisor of q and 45?
5
Suppose 3*p + 0*p - 6 = 0. Let t(m) = -4 - 5*m**p + 4*m**2 + 14. Let r be t(0). What is the highest common factor of r and 15?
5
Let b be (2 + 0)/2*0. Suppose -z - 9 + 34 = b. What is the greatest common divisor of 10 and z?
5
Suppose 4*s = 5*s - 8. Calculate the greatest common divisor of s and 8.
8
Let v(a) = -a**2 - 30*a - 80. Let x be v(-26). What is the highest common factor of x and 312?
24
Let i = -15 - -17. Calculate the greatest common factor of 6 and i.
2
Let r = -85 - 10. Let s = r - -172. What is the highest common divisor of 11 and s?
11
Suppose 2*q + 1 + 9 = 0. Let m be (q + (3 - 0))*-1. What is the greatest common divisor of 14 and m?
2
Suppose -7*x - 108 = -11*x. What is the greatest common factor of 6 and x?
3
Suppose 462 = 4*x - 2*y, 5*x - 4*y - 573 = -0*y. Let k(i) = i**2 + 6*i + 13. Let a be k(-6). What is the highest common factor of x and a?
13
Suppose 0*c - 110 = -5*c. What is the greatest common divisor of 198 and c?
22
Let n be ((-3)/2)/((-6)/4). Let i be 2*n + 1 + -2. What is the highest common factor of 2 and i?
1
Let x = 15 - 10. Suppose 3*r = 2*r - x*m - 4, -4*m = r + 2. Suppose -r*f + f + 40 = 0. Calculate the greatest common divisor of f and 32.
8
Suppose -5*d = -5*q, 0*q = 5*d + 3*q - 24. Calculate the highest common divisor of d and 6.
3
Suppose 2*k - 24 - 14 = 0. Let r(q) = -16*q - 10. Let i be r(-3). What is the highest common factor of k and i?
19
Suppose 0 = -5*w - 25, -